q) = q**3 - 4*q**2 + 5*q + 2. Let c(z) = -3*z**3 + 12*z**2 - 14*z - 6. Let y(m) = 3*c(m) + 8*h(m). Determine y(3).
1
Let z(j) = -j**3 - 7*j**2 - 6*j + 4. Let h(w) = w**3 + w**2 - 1. Let x(g) = 2*h(g) + z(g). Let l(r) = r**3 + 4*r**2 - 8*r - 9. Let q be l(-5). Determine x(q).
2
Let p(r) = -3*r - 36 - 6*r + 4*r + 11. What is p(-6)?
5
Suppose 10*y = -12 - 18. Let o(l) = -5*l - 8. Let w(z) = 6*z + 9. Suppose 3*v = -13 + 34. Let a(s) = v*o(s) + 6*w(s). Give a(y).
-5
Let i(x) be the first derivative of x**4/4 + 5*x**3/3 - x**2/2 + 4*x + 15. Determine i(-5).
9
Let m(g) = -g**2 + 4*g + 8. Let s = -115 - -60. Let o = s + 61. Calculate m(o).
-4
Let w be (1 - 2 - -7) + 7 + -13. Let b(d) be the second derivative of -11/20*d**5 + 0 + 1/2*d**2 + 0*d**4 - d + w*d**3. Give b(1).
-10
Suppose 33*j - 30*j + 24 = 0. Let l(o) = 2*o + 11. Give l(j).
-5
Let q = 1305 - 1319. Let u(d) = 4*d - 14. Calculate u(q).
-70
Let t(q) = 2*q + 2. Suppose h + 69 = -g, 4*h + 2*g + 256 = 3*g. Let f = h + 61. Give t(f).
-6
Let p(c) = c**2 - 10*c + 2. Let y be p(9). Let s(d) be the third derivative of 0 - 1/24*d**4 - 1/3*d**3 + 0*d + 13*d**2. What is s(y)?
5
Suppose -3*u + 6*u + 12 = 0. Let g(d) = -11*d**2 + 15*d - 1. Let n(p) = 5*p**2 - 7*p. Let o(v) = u*g(v) - 9*n(v). Determine o(4).
0
Let c = 30 - 38. Let u = 14 + c. Let l(s) = -s**3 + 5*s**2 + 7*s - 3. Calculate l(u).
3
Suppose -2*x - 5 = l, 10 = -x - 154*l + 152*l. Let a be (-2)/4*(-3 - 1). Let u(v) = v + 3 - 6 + 2*v**2 - 3*v**a. Calculate u(x).
-3
Let k(i) = -7*i**2 + i - 7. Let t(w) = 4*w**2 + 3. Let n(h) = 2*k(h) + 5*t(h). Let c = 3 + -4. Give n(c).
5
Let r(v) = 11*v**3 + 2*v**2 - 1. Suppose -2*z + 6 = 3*b - b, 0 = 5*b - 20. Calculate r(z).
-10
Let o(y) be the first derivative of -6 - y**2 + 7 - 9 + y. Suppose 0 = -i + 4*i + 3. Determine o(i).
3
Let m(t) = -14*t + 35*t - 9*t + 17*t. Determine m(-1).
-29
Let l(s) = 25 + s - 29 + 4*s**2 - 5*s**2. Let h = -6 + 11. Suppose 8*v = h*v. Give l(v).
-4
Let l(u) = 7999*u + 8001*u - 16003*u + 1. Determine l(4).
-11
Let z(b) = -5*b**3 - 2*b**2 + 3*b - 4. Let q(r) = -14*r**3 - 5*r**2 + 9*r - 12. Let x = -63 + 69. Let p(n) = x*q(n) - 17*z(n). Determine p(-3).
-4
Let y(d) = d**3 - 4*d**2 - 2*d + 2. Let p(v) = -v**3 - 3*v**2 - 3*v + 4. Let c be p(-3). Let n = c - 8. Give y(n).
17
Let b(m) = -3*m**3 + 22*m**2 - 49*m - 31. Let v(n) = -4*n**3 + 33*n**2 - 71*n - 46. Let f(l) = -7*b(l) + 5*v(l). Give f(-12).
-13
Let l(u) = -4*u - 5. Let q be ((-60)/(-9))/(16/24). What is l(q)?
-45
Let a(s) be the third derivative of 7*s**4/24 + 23*s**3/2 + 921*s**2. Give a(-9).
6
Let g(z) = -4*z + 1. Let s be ((-12)/9)/(2/(-3)). Suppose -4*a = -3*b - 36, -s + 0 = -3*a - 4*b. Let k = a - 2. Calculate g(k).
-15
Let b(j) = j**2 + 9*j + 7. Suppose -55 = 4*c - u, -3*c - 32 - 28 = 3*u. Let h be ((-2)/5)/(c/(-300)). What is b(h)?
-1
Let n(t) = t**3 + 6*t**2 - t - 5. Let k be (0 - (-6)/(-15))*105/7. What is n(k)?
1
Let f(y) be the first derivative of -y**2/2 - y + 99. Calculate f(-2).
1
Let z(f) = -28*f + 221. Let n be z(8). Let u(a) = -a**3 - a**2 + a + 4. Give u(n).
19
Let u(z) = -z**3 - 3*z**2 + 5*z - 1. Suppose 0*c + 9 = 3*c + 3*k, 4*k - 20 = -5*c. Suppose 11*o = c*o - 12. What is u(o)?
-5
Let p(j) = 0 - 2*j + 10 + 0*j - 2*j + 0*j. Determine p(7).
-18
Let r(p) = 4*p**3 + 14*p**2 + 11*p + 22. Let y(n) = 2*n**3 + 9*n**2 + 7*n + 13. Let f(g) = 3*r(g) - 5*y(g). Suppose -k + 10 = -6*k. Determine f(k).
-23
Let d(k) = -k + 1. Let o(y) be the second derivative of y**3/3 - 7*y**2/2 + 11*y. Let a(j) = -5*d(j) - o(j). Let g be 2 + 0/(0 + -1). What is a(g)?
8
Suppose 3*j + 2*j - 5 = 0. Let u be -1*(-1 + j)/4. Let z(t) = -2 + 4*t**3 - 3*t**3 + u. Determine z(-2).
-10
Let m be (-41)/(-4) - (-9)/12. Let i = m - 11. Let u(k) = 10*k - 34. Let q(t) = -3*t + 11. Let c(l) = -7*q(l) - 2*u(l). Determine c(i).
-9
Let w(q) = q**3 + 21*q**2 + q + 21. Let m(t) = 73*t - 240. Let h be m(3). Calculate w(h).
0
Let t = -1 - -1. Suppose 3 = -3*i - j + 8, 3*i - 4*j + 20 = 0. Let f(r) = r + t + i*r + 0. What is f(6)?
6
Let d(t) = t**3 + 44*t**2 - 44*t + 56. Let l be d(-45). Let z(y) = -y**2 + 13*y - 7. Give z(l).
15
Let b(g) be the second derivative of 0 + 8*g + 1/60*g**5 + 1/360*g**6 - 1/24*g**4 + 0*g**2 + g**3. Let f(u) be the second derivative of b(u). Calculate f(-3).
2
Let r(j) = -69*j**3 - 3*j**2 + 0 + 70*j**3 - j - 5 + 2*j**2 - 1. Calculate r(0).
-6
Let c(s) be the third derivative of s**8/6720 - s**7/315 - s**6/80 - s**5/12 + 25*s**4/24 - 3*s**2. Let m(j) be the second derivative of c(j). Calculate m(9).
-10
Suppose 3*s - 4*q + 20 = 0, -2*s - 3*q - 25 = -6. Let o(w) = w**3 + 8*w**2 + w + 1. Give o(s).
-7
Let l(i) = i + 6. Let s(v) = -3*v - 46. Suppose -111 = 5*u - 4*x - 18, -5*x + 44 = -2*u. Let a be s(u). What is l(a)?
11
Let m(i) = -4*i - 10. Let j(n) = -1. Let w(h) = -2*j(h) + m(h). Give w(-6).
16
Suppose 4*v - 8 = -4*d, 0 = -7*d + 4*d - 6. Let t(w) = 0*w - w**2 + 4 - v*w - 2*w. Suppose c - 3 - 3 = i, -21 = 2*i - 5*c. What is t(i)?
13
Let m(q) = q**2 + 3*q - 6. Let i be m(4). Let o be i/12 + (-8)/(-48). Suppose -3*n + 7 = t, -4*t + 0 - o = -3*n. Let h(w) = -5*w**2 + 2*w. Give h(n).
-16
Let l be (146*(-5)/30)/((-2)/(-6)). Let f = l + 66. Let i(h) = h**2 + 7*h - 5. Calculate i(f).
-5
Suppose -4*n + 0*n = -3*i + 12, -9 = 2*i + 3*n. Let s be 1 + 1 - i/6. Let h(m) = 4*m + 5*m**2 - 3*m - 14*m**2 - 8 + 8*m**s. Calculate h(0).
-8
Let y(i) = 7 + 8*i + 9*i - 18*i + 8. Let k = -21 - -28. Determine y(k).
8
Let m(u) = -2 - 2*u**2 + u**2 + 2*u + 0*u**2. Let h(s) = -9*s**2 + 6*s - s**3 + 2 + 20*s - 2*s**2. Let i be h(-13). What is m(i)?
-2
Let m(u) = -u**3 - 6*u**2 - 7*u. Let g(l) = 4*l - 1. Suppose 4*k = 3*y + 15, -k + 17 = -2*y + 4*k. Let b be g(y). Calculate m(b).
10
Let c(d) be the third derivative of d**6/360 + d**4/6 + 37*d**3/6 + 4*d**2. Let t(w) be the first derivative of c(w). Determine t(-3).
13
Let n(f) = 6*f + 12*f - 32*f + 15*f + 6 - 8. Determine n(-14).
-16
Let n(c) be the second derivative of -1/3*c**3 + 5/12*c**4 - 7/2*c**2 + 30*c + 1/20*c**5 + 0. Calculate n(-5).
3
Suppose -4*c + 22 = 2*w, -8*c + 20 = -3*c. Let g(n) = 3*n**w - n**3 + 0*n**3 + n - 1 - n**2 - 3*n**3. What is g(-2)?
1
Suppose 0 = -4*m, -s + 5 - 11 = -5*m. Let x be 8/(2*(3 + -2)). Let o(r) = 6*r**2 + 4 + r**2 - 2*r**2 + r**3 + 0*r**3 - x*r. What is o(s)?
-8
Let q(i) = i**3 + 11*i**2 - 7. Suppose -3*x = -0*x - r + 37, -47 = 5*x + 2*r. Calculate q(x).
-7
Suppose -5*v = 3*t - 4, 0*t - 4*v = -2*t + 10. Suppose -a - 2*n = 2*a + 26, t*a + 5*n = -38. Let l(g) = g - 5468 + 1819 + 1828 + 1822. Calculate l(a).
-5
Let w be (3 - 0 - 2/4)*2. Let v(q) = -11*q - 7. What is v(w)?
-62
Suppose 3*n + 15*r - 30 = 14*r, 4*n = 4*r + 56. Let c(i) = -i**2 + 10*i - 8. Calculate c(n).
-19
Let f(a) = -3*a + 1. Let x(q) = -q**3 - 12*q**2 - 36*q + 7. Let m be x(-6). Determine f(m).
-20
Let x be (1 - 3) + 3 - 0. Suppose 7*y - 6 = 43. Suppose y = -2*d - x. Let j(p) = -p**3 - 3*p**2 + 3*p + 4. Give j(d).
8
Let p(o) = o**2 + 4*o + 3. Suppose 4*c - 4 = -2*b, -5*c = -0*c + 3*b - 4. Suppose -2*j + 9 = -3*l, c*l + j - 3*j = -6. What is p(l)?
0
Let t(q) = q**3 - 5*q**2 + 4*q - 12. Let g be t(5). Let s(h) = h**3 - 7*h**2 - 7*h - 9. What is s(g)?
-1
Let y(x) = -8*x**2 - 2*x - 6. Let r be y(-2). Let n = r - -31. Let p(t) = 7*t + 3. Let i(u) = 4*u + 2. Let a(d) = 5*i(d) - 3*p(d). Give a(n).
4
Let m(v) = -v**2 + 2*v + 1. Let a = -20 + 33. Suppose -x - a = -5*n, -1 = -x + 3*n - 12. Let i = 11 + x. Calculate m(i).
-2
Let a(q) = -q + 31. Let o(c) = -c - 14. Let m(s) = -4*a(s) - 9*o(s). Give m(-3).
-37
Let d(o) be the first derivative of 0*o - 5/2*o**2 + 10. Calculate d(-1).
5
Let l(b) = -11*b**3 + 8*b**2 - 7*b - 6. Let w(j) = 2*j**3 + j. Let t(i) = l(i) + 6*w(i). Suppose -5*q - 3*o = -0*o + 40, 4*o - 24 = 3*q. What is t(q)?
2
Let u be (-12)/(-6) + (-6)/3. Suppose -4*o - o = u. Let i(j) = j**2 - j. What is i(o)?
0
Let o(c) = 10*c**2. Let r = -27 - -29. Suppose 0 = r*f + f. Suppose 3*s + f*s = -3. What is o(s)?
10
Let m(l) = -l + 2. Let w(s) = -47*s**2 - s - 2. Let n be w(-1). Let t be ((-3)/(-2))/((-36)/n). Suppose -8 = 2*x + t. Give m(x).
7
Let k(x) = x**2 + 3*x - 3. Let v = -13 - -17. Suppose -1 - 11 = -v*u. Suppose 2*z - 4*t = u*z + 15, -3 = t. What is k(z)?
-3
Let l(q) = -2*q + 8. Let n be l(6). Let y(m) = -17*m